 -9b1?
376a
In base 6, what is -2 + -455312?
-455314
In base 10, what is 46 + -1695?
-1649
In base 6, what is 2 + 11413324?
11413330
In base 16, what is 9e02 + 1?
9e03
In base 7, what is 31 - 44014?
-43653
In base 4, what is -20 - 30120001?
-30120021
In base 15, what is 46 + e1?
137
In base 13, what is 11 - -128803?
128814
In base 3, what is 102100202111 + 12?
102100202200
In base 16, what is -d + 23f2?
23e5
In base 10, what is 9 + -9659?
-9650
In base 16, what is -1e6fca + -4?
-1e6fce
In base 9, what is -1228 + 131?
-1087
In base 9, what is -2117 + -52?
-2170
In base 3, what is 1022021 + 2222?
1102020
In base 7, what is -62115 - 203?
-62321
In base 15, what is 42e5 + -3e?
42a6
In base 8, what is 1 + -26460?
-26457
In base 9, what is 0 - -156611?
156611
In base 12, what is -18ab - 66?
-1955
In base 12, what is -378 + -b00?
-1278
In base 15, what is 181 - -8?
189
In base 11, what is 3 + 1172a?
11732
In base 15, what is 85d - 1?
85c
In base 3, what is 12012 - 200012?
-111000
In base 3, what is -202001 - 1101?
-210102
In base 7, what is 4 - 1612222?
-1612215
In base 10, what is 0 - 18362?
-18362
In base 3, what is 2 + 110022111102?
110022111111
In base 8, what is 113 + -575?
-462
In base 12, what is -649 - 3?
-650
In base 15, what is -237 + -58a?
-7c2
In base 13, what is 37b58 + -2?
37b56
In base 13, what is 4040 + 2?
4042
In base 10, what is -11 - 3280?
-3291
In base 2, what is 1011010 - -10110010?
100001100
In base 16, what is 9d01a - -4?
9d01e
In base 11, what is 5 - a46a?
-a465
In base 7, what is -30 - 340211?
-340241
In base 8, what is 2365 + 1525?
4112
In base 3, what is 0 + -22100000211?
-22100000211
In base 8, what is 3214176 - 5?
3214171
In base 7, what is 31 + 2063?
2124
In base 12, what is 221 - 5?
218
In base 10, what is -310 + 6661?
6351
In base 5, what is 144 - -2023?
2222
In base 15, what is -19 + 17c0?
17a6
In base 9, what is -3111 - -62?
-3038
In base 3, what is 1 - -1000111120?
1000111121
In base 2, what is 100000111001101 - -1?
100000111001110
In base 3, what is -11021001210 - 10?
-11021001220
In base 15, what is -2c28 - -5?
-2c23
In base 7, what is 124 + 2611?
3035
In base 2, what is -11 + -1001010000100?
-1001010000111
In base 6, what is 10135 - 1?
10134
In base 7, what is 56 + -11525?
-11436
In base 15, what is 2304 - 1b?
22d8
In base 8, what is 3 + 67674?
67677
In base 3, what is -1 - -10121022221220?
10121022221212
In base 14, what is 2 + b0c06?
b0c08
In base 9, what is 25 - -3561?
3586
In base 13, what is -3279 + 37?
-3242
In base 16, what is 26ef99 - 3?
26ef96
In base 3, what is -210212222 + 122?
-210212100
In base 9, what is -3077086 - 1?
-3077087
In base 9, what is 4 - 323270?
-323265
In base 8, what is -75 - 407?
-504
In base 7, what is -6 - -10043?
10034
In base 3, what is 222100112110 - -11?
222100112121
In base 16, what is -6d4c1 + -2?
-6d4c3
In base 4, what is -1033 + -1210130?
-1211223
In base 5, what is -222 - -43004?
42232
In base 2, what is 100100010 + -111001111010?
-110101011000
In base 15, what is -318a09 + -1?
-318a0a
In base 3, what is -10112000202 - 0?
-10112000202
In base 13, what is -273 - -35?
-23b
In base 8, what is 2011 - -326?
2337
In base 16, what is -4 + 144?
140
In base 14, what is 11952 - -2?
11954
In base 15, what is 2c093 + -2?
2c091
In base 16, what is -14cfe + 0?
-14cfe
In base 8, what is 11647 - 166?
11461
In base 16, what is -313af7 - 3?
-313afa
In base 15, what is -528cb6 - -4?
-528cb2
In base 8, what is -2 - -3751?
3747
In base 8, what is 3 + 305731?
305734
In base 6, what is -134310230 - 4?
-134310234
In base 2, what is -111110 + 1011101010?
1010101100
In base 4, what is 10133 - 23123?
-12330
In base 16, what is be5 - 4?
be1
In base 2, what is -1001001000110 - 11010?
-1001001100000
In base 10, what is 382950 - -3?
382953
In base 6, what is -4 + -3043440?
-3043444
In base 11, what is 2 + 1308?
130a
In base 2, what is -11010011000 - 1111101?
-11100010101
In base 9, what is 8 + -21178?
-21170
In base 6, what is 34404 - -4?
34412
In base 9, what is -304 - -230?
-64
In base 11, what is 2016 + 454?
246a
In base 4, what is 220302 + -111?
220131
In base 2, what is -1001000000001111010 - 1?
-1001000000001111011
In base 10, what is -41 - -91907?
91866
In base 3, what is 1000121 - -10001012?
11001210
In base 4, what is 103 - -120300?
121003
In base 3, what is -10 + 1220020210?
1220020200
In base 11, what is 1561 + -79?
1493
In base 12, what is -628 + -82?
-6aa
In base 7, what is 3 + -223402?
-223366
In base 9, what is -3 + 5803?
5800
In base 8, what is -2 + -217075?
-217077
In base 6, what is -1040221 - 21?
-1040242
In base 16, what is 9 + -59f?
-596
In base 9, what is -4 - 22632?
-22636
In base 16, what is 3 + -1a6e8?
-1a6e5
In base 9, what is -8401 - -3?
-8387
In base 3, what is 200111020 + -10?
200111010
In base 4, what is 2111 + -1111120?
-1103003
In base 10, what is -3 + -12938?
-12941
In base 6, what is -11145 + 104?
-11041
In base 2, what is 1010 + 110101111?
110111001
In base 16, what is -17 - 14eed?
-14f04
In base 2, what is 100 - -100011100101101110?
100011100101110010
In base 16, what is -6 - -4908c?
49086
In base 6, what is 42545153 + -5?
42545144
In base 14, what is b + -2d55d?
-2d552
In base 14, what is -7292 + -7?
-7299
In base 13, what is 2a485 - 2c?
2a456
In base 16, what is -b304 - -1?
-b303
In base 6, what is -3 - -424505?
424502
In base 12, what is 2981 - 3b9?
2584
In base 7, what is 2415 + 52?
2500
In base 15, what is 3 - -386c0?
386c3
In base 5, what is 20000121 - -10?
20000131
In base 3, what is -21 - 121122?
-121220
In base 10, what is -28 - 3405?
-3433
In base 3, what is 1012012002 - -2221?
1012022000
In base 7, what is 10516 - 506?
10010
In base 12, what is -49 - 516?
-563
In base 9, what is 3 - 355418?
-355415
In base 12, what is -8210 - 3?
-8213
In base 11, what is 214 - 106?
109
In base 11, what is -17821 + -1?
-17822
In base 11, what is -26 - -3a563?
3a538
In base 10, what is 1762 - -13?
1775
In base 13, what is -c3 + -4a2?
-595
In base 15, what is 3 + -5ad7?
-5ad4
In base 11, what is -220a90 + 4?
-220a87
In base 14, what is -1 + -2a49?
-2a4a
In base 15, what is -68 - -b8?
50
In base 8, what is 0 + -34633?
-34633
In base 12, what is 12b7 + 144?
143b
In base 14, what is -25 - 27a31?
-27a56
In base 11, what is -4 + -350739?
-350742
In base 4, what is -302001 - -222?
-301113
In base 12, what is -1 + 60737?
60736
In base 4, what is 112312321 + -2?
112312313
In base 4, what is 1 + 120202133?
120202200
In base 16, what is -fa68 - 5?
-fa6d
In base 13, what is 1 - 64a01?
-64a00
In base 11, what is -509 - -3220?
2812
In base 12, what is -158 - -5?
-153
In base 16, what is 42 + -4544?
-4502
In base 16, what is -5b - -14ad?
1452
In base 2, what is 1000 + 11011010000101010?
11011010000110010
In base 2, what is -1 - 1110111110010010?
-1110111110010011
In base 11, what is 71666 - -19?
71684
In base 2, what is -10000 - 110010011?
-110100011
In base 13, what is 10 - -395c?
396c
In base 13, what is 298a2 - -2?
298a4
In base 7, what is -1123 - -262?
-531
In base 11, what is 2723 - 7?
2717
In base 11, what is 198 + -58?
140
In base 15, what is -610 + 5a?
-5a5
In base 12, what is -2 - -12a73?
12a71
In base 8, what is 17 + 246156?
246175
In base 4, what is -2311103111 - 12?
-2311103123
In base 4, what is -10 + -120102?
-120112
In base 15, what is -1 - -6dc21?
6dc20
In base 5, what is -3041 - 1244?
-4340
In base 8, what is 113 + -30341?
-30226
In base 2, what is -1010110100001100 + 1001100?
-1010110011000000
In base 8, what is 3 - 1444141?
-1444136
In base 4, what is -2 + 1133003?
1133001
In base 13, what is -3 + 26762?
2675c
In base 3, what is 1 + 1101110221?
1101110222
In base 7, what is -25405 + 1165?
-24210
In base 3, what is 121 + 201?
1022
In base 6, what is 25145 + 5?
25154
In base 7, what is -1 - 206413?
-206414
In base 5, what is 21114 + -2341?
13223
In base 16, what is d27 - 1?
d26
In base 3, what is -11 - 2202100221?
-2202101002
In base 13, what is -4 - -a5ac?
a5a8
In base 7, what is 24066 - 203?
23563
In base 3, what is 1000 - -202010?
210010
In base 6, what is -155 + -20?
-215
In base 7, what is 0 - -204006?
204006
In base 2, what is -10 + 10100101001100001101?
10100101001100001011
In base 9, what is 1 + 1655701?
1655702
In base 9, what is -12 + -137863?
-137875
In base 